{"id":7125,"date":"2021-03-17T09:04:24","date_gmt":"2021-03-17T08:04:24","guid":{"rendered":"https:\/\/www.planetavital.com\/?page_id=7125"},"modified":"2021-03-17T09:04:24","modified_gmt":"2021-03-17T08:04:24","slug":"cursos","status":"publish","type":"page","link":"https:\/\/gradonaturopatia.com\/index.php\/cursos\/","title":{"rendered":"Cursos"},"content":{"rendered":"<h1 dir=\"ltr\">Escuela en naturopat\u00eda y terapias naturales<\/h1>\n<h2>Formaciones online, de calidad y estructuradas que te permiten convertirte en un experto en la salud natural.<\/h2>\n<p dir=\"ltr\" style=\"text-align: center;\">La <strong>Naturopat\u00eda<\/strong> busca mantener el estado natural de salud, entendiendo que el propio organismo tiene los mecanismos necesarios para conseguirlo, utilizando pr\u00e1cticas y tratamientos naturales.<\/p>\n<p dir=\"ltr\" style=\"text-align: center;\">La OMS (Organizaci\u00f3n Mundial de la Salud) la define como un \u00e1rea de salud que trabaja la prevenci\u00f3n, el tratamiento y la promoci\u00f3n de la salud \u00f3ptima mediante el uso de m\u00e9todos terap\u00e9uticos para fomentar el proceso de sanaci\u00f3n.<\/p>\n<h4 style=\"text-align: center;\">Cursos superiores en naturopat\u00eda<\/h4>\n<p style=\"text-align: center;\">Los cursos superiores de naturopat\u00eda te permitir\u00e1n convertirte en un profesional acreditado en medicina natural.<\/p>\n<p style=\"text-align: center;\">Adem\u00e1s, aprender\u00e1s a gestionar todos los aspectos de un negocio de naturopat\u00eda para que vivir de \u00e9l sea posible.<\/p>\n<p style=\"text-align: center;\">El t\u00e9cnico en naturopat\u00eda y herbodiet\u00e9tica es para ti si est\u00e1s comenzando y no tienes claro todav\u00eda si quieres hacer de la naturopat\u00eda tu profesi\u00f3n, si tu objetivo es aprender m\u00e1s para aplicarlo a nivel personal, o si quieres una formaci\u00f3n m\u00e1s sencilla que no requiere tanta inversi\u00f3n de tiempo y dinero.<\/p>\n<p style=\"text-align: center;\">Y si tienes claro que la naturopat\u00eda es la profesi\u00f3n a la que te quieres dedicar, el grado superior es para ti, ya que aprender\u00e1s todo lo necesario para tener \u00e9xito en tu consulta de salud natural.<\/p>\n<h4 style=\"text-align: center;\"><strong>Grado en Naturolog\u00eda Integrativa<\/strong><\/h4>\n<h4 style=\"text-align: center;\"><strong>Curso T\u00e9cnico en Naturopat\u00eda y Herbodiet\u00e9tica<\/strong><\/h4>\n<h4 style=\"text-align: center;\"><strong>Curso Superior Naturopat\u00eda Presencial<\/strong><\/h4>\n<h4 style=\"text-align: center;\">Cursos Monogr\u00e1ficos<\/h4>\n<p><a href=\"https:\/\/www.planetavital.com\/curso-aromaterapia-holistica\"><img loading=\"lazy\" decoding=\"async\" title=\"curso aromaterapia holistica\" src=\"https:\/\/gradonaturopatia.com\/wp-content\/uploads\/2021\/03\/curso-aromaterapia-holistica.png\" alt=\"curso de aromaterapia hol\u00edstica\" width=\"330\" height=\"330\" data-id=\"7132\" data-init-width=\"1080\" data-init-height=\"1080\" data-width=\"330\" data-height=\"330\" data-link-wrap=\"true\" \/><\/a><a href=\"https:\/\/www.planetavital.com\/curso-fitoterapia\"><img loading=\"lazy\" decoding=\"async\" title=\"curso fitoterapia\" src=\"https:\/\/gradonaturopatia.com\/wp-content\/uploads\/2021\/03\/curso-fitoterapia.png\" alt=\"curso de fitoterapia\" width=\"330\" height=\"330\" data-id=\"7133\" data-init-width=\"1080\" data-init-height=\"1080\" data-width=\"330\" data-height=\"330\" data-link-wrap=\"true\" \/><\/a><a href=\"https:\/\/www.planetavital.com\/curso-flores-de-bach\/\"><img loading=\"lazy\" decoding=\"async\" title=\"curso terapia floral\" src=\"https:\/\/gradonaturopatia.com\/wp-content\/uploads\/2021\/03\/curso-terapia-floral.png\" alt=\"curso terapia floral\" width=\"330\" height=\"330\" data-id=\"7135\" data-init-width=\"1080\" data-init-height=\"1080\" data-width=\"330\" data-height=\"330\" data-link-wrap=\"true\" \/><\/a><img loading=\"lazy\" decoding=\"async\" title=\"curso de oligoterapia\" src=\"https:\/\/gradonaturopatia.com\/wp-content\/uploads\/2021\/03\/curso-de-oligoterapia.png\" alt=\"curso de oligoterapia\" width=\"330\" height=\"330\" data-id=\"7138\" data-init-width=\"1080\" data-init-height=\"1080\" data-width=\"330\" data-height=\"330\" \/><a href=\"https:\/\/www.planetavital.com\/curso-nutricion-ortomolecular\"><img loading=\"lazy\" decoding=\"async\" title=\"curso nutricion ortomolecular\" src=\"https:\/\/gradonaturopatia.com\/wp-content\/uploads\/2021\/03\/curso-nutricion-ortomolecular.png\" alt=\"curso de nutrici\u00f3n ortomolecular\" width=\"330\" height=\"330\" data-id=\"7139\" data-init-width=\"1080\" data-init-height=\"1080\" data-width=\"330\" data-height=\"330\" data-link-wrap=\"true\" \/><\/a><a href=\"https:\/\/www.planetavital.com\/dietetica-y-nutricion-2\/\"><img loading=\"lazy\" decoding=\"async\" title=\"curso nutrici\u00f3n\" src=\"https:\/\/gradonaturopatia.com\/wp-content\/uploads\/2021\/03\/curso-nutricion.png\" alt=\"curso de nutrici\u00f3n\" width=\"330\" height=\"330\" data-id=\"7140\" data-init-width=\"1080\" data-init-height=\"1080\" data-width=\"330\" data-height=\"330\" data-link-wrap=\"true\" \/><\/a><\/p>\n<h4 style=\"text-align: center;\">Mira lo que dicen nuestros alumnos y alumnas<\/h4>\n<p><a href=\"https:\/\/gradonaturopatia.com\/wp-content\/uploads\/2016\/05\/maria.jpg\"><img loading=\"lazy\" decoding=\"async\" title=\"planeta vital\" src=\"https:\/\/gradonaturopatia.com\/wp-content\/uploads\/2016\/05\/maria.jpg\" alt=\"\" width=\"104\" height=\"108\" data-id=\"2074\" data-init-width=\"189\" data-init-height=\"196\" data-width=\"104\" data-height=\"108\" data-link-wrap=\"true\" \/><\/a><\/p>\n<h4>\u201c<\/h4>\n<p><em>Expresas una seguridad total en lo que compartes,quien este a tu lado&#8230;r\u00e1pidamente puede darse cuenta de que tu experiencia y tu estudio continuo, han hecho de ti una persona segura de si misma y de lo que compartes,logrando as\u00ed un gran enganche para quien te escucha.<\/em><\/p>\n<h4>Eva Saco<\/h4>\n<p><a href=\"https:\/\/gradonaturopatia.com\/wp-content\/uploads\/2016\/05\/maria-1.jpg\"><img loading=\"lazy\" decoding=\"async\" title=\"maria\" src=\"https:\/\/gradonaturopatia.com\/wp-content\/uploads\/2016\/05\/maria-1.jpg\" alt=\"\" width=\"104\" height=\"104\" data-id=\"2082\" data-init-width=\"449\" data-init-height=\"449\" data-width=\"104\" data-height=\"104\" data-link-wrap=\"true\" \/><\/a><\/p>\n<h4>\u201c<\/h4>\n<p><em>En un momento de mi vida donde descubr\u00ed la Medicina Natural, el destino te puso delante de mi para ense\u00f1arme muchas cosas.\u00a0<\/em><\/p>\n<p><em>Te has convertido en una persona con la que se puede contar y en la que se puede confiar. Agradezco tu comprensi\u00f3n y paciencia. Es un privilegio tener a Victoria como profesora.<\/em><\/p>\n<h4>Mar\u00eda P\u00e9rez Mata<\/h4>\n<p><a href=\"https:\/\/gradonaturopatia.com\/wp-content\/uploads\/2020\/10\/dec.jpg\"><img loading=\"lazy\" decoding=\"async\" title=\"dec\" src=\"https:\/\/gradonaturopatia.com\/wp-content\/uploads\/2020\/10\/dec.jpg\" alt=\"\" width=\"274\" height=\"229\" data-id=\"6297\" data-init-width=\"400\" data-init-height=\"334\" data-width=\"274\" data-height=\"229\" data-link-wrap=\"true\" \/><\/a><\/p>\n<p><span style=\"text-decoration: none;\">Nuestra escuela es miembro de<strong>\u00a0APENB, \u00a0(Asociaci\u00f3n profesional espa\u00f1ola de Naturopat\u00eda y Bioterapia),\u00a0<\/strong>como centro de formaci\u00f3n asociado<\/span><\/p>\n<p><a href=\"https:\/\/gradonaturopatia.com\/wp-content\/uploads\/2020\/10\/logo_apenb_600x200.png\"><img loading=\"lazy\" decoding=\"async\" title=\"logo_apenb_600x200\" src=\"https:\/\/gradonaturopatia.com\/wp-content\/uploads\/2020\/10\/logo_apenb_600x200.png\" alt=\"\" width=\"332\" height=\"104\" data-id=\"6299\" data-init-width=\"602\" data-init-height=\"189\" data-width=\"332\" data-height=\"104\" data-link-wrap=\"true\" \/><\/a><\/p>\n<h4 style=\"text-align: left;\">\u00bfNo sabes por d\u00f3nde empezar?<\/h4>\n<p>Cu\u00e9ntanos m\u00e1s de ti a trav\u00e9s del siguiente formulario y te asesoraremos sobre qu\u00e9 ser\u00eda lo m\u00e1s adecuado en tu caso.<\/p>\n<p><img loading=\"lazy\" decoding=\"async\" title=\"logo-min\" src=\"https:\/\/gradonaturopatia.com\/wp-content\/uploads\/2020\/10\/logo-min.png\" alt=\"\" width=\"234\" height=\"80\" data-id=\"6611\" data-init-width=\"300\" data-init-height=\"103\" data-width=\"234\" data-height=\"80\" data-link-wrap=\"true\" \/><\/p>\n<p><a href=\"https:\/\/www.planetavital.com\/cursos-planeta-vital\/\" data-tcb_hover_state_parent=\"\">Nuestra Formaci\u00f3n<\/a>\u00a0|\u00a0<a href=\"https:\/\/www.planetavital.com\/politica-de-privacidad\/\" data-tcb_hover_state_parent=\"\">Pol\u00edtica de privacidad<\/a>\u00a0|\u00a0<a href=\"https:\/\/www.planetavital.com\/aviso-legal-y-condiciones-de-uso\/\" data-tcb_hover_state_parent=\"\">Aviso legal<\/a>\u00a0|\u00a0<a href=\"https:\/\/www.planetavital.com\/condiciones-de-contratacion-y-compra\/\" data-tcb_hover_state_parent=\"\">Condiciones de contrataci\u00f3n<\/a>\u00a0|\u00a0<a href=\"https:\/\/www.planetavital.com\/politica-de-cookies\/\" data-tcb_hover_state_parent=\"\">Pol\u00edtica de cookies<\/a><\/p>\n","protected":false},"excerpt":{"rendered":"<p>Escuela en naturopat\u00eda y terapias naturales Formaciones online, de calidad y estructuradas que te permiten convertirte en un experto en la salud natural. La Naturopat\u00eda busca mantener el estado natural de salud, entendiendo que el propio organismo tiene los mecanismos necesarios para conseguirlo, utilizando pr\u00e1cticas y tratamientos naturales. La OMS (Organizaci\u00f3n Mundial de la Salud) [&hellip;]<\/p>\n","protected":false},"author":2,"featured_media":0,"parent":0,"menu_order":0,"comment_status":"closed","ping_status":"closed","template":"landing-page.php","meta":{"footnotes":""},"class_list":["post-7125","page","type-page","status-publish","hentry","post-wrapper","thrv_wrapper"],"jetpack_sharing_enabled":true,"_links":{"self":[{"href":"https:\/\/gradonaturopatia.com\/index.php\/wp-json\/wp\/v2\/pages\/7125","targetHints":{"allow":["GET"]}}],"collection":[{"href":"https:\/\/gradonaturopatia.com\/index.php\/wp-json\/wp\/v2\/pages"}],"about":[{"href":"https:\/\/gradonaturopatia.com\/index.php\/wp-json\/wp\/v2\/types\/page"}],"author":[{"embeddable":true,"href":"https:\/\/gradonaturopatia.com\/index.php\/wp-json\/wp\/v2\/users\/2"}],"replies":[{"embeddable":true,"href":"https:\/\/gradonaturopatia.com\/index.php\/wp-json\/wp\/v2\/comments?post=7125"}],"version-history":[{"count":0,"href":"https:\/\/gradonaturopatia.com\/index.php\/wp-json\/wp\/v2\/pages\/7125\/revisions"}],"wp:attachment":[{"href":"https:\/\/gradonaturopatia.com\/index.php\/wp-json\/wp\/v2\/media?parent=7125"}],"curies":[{"name":"wp","href":"https:\/\/api.w.org\/{rel}","templated":true}]}}